294?
6
Calculate the highest common factor of 132108 and 327.
327
What is the greatest common divisor of 38 and 2318?
38
Calculate the greatest common divisor of 15 and 120.
15
What is the highest common factor of 18 and 9684?
18
Calculate the greatest common factor of 184 and 598.
46
What is the highest common factor of 34618 and 38?
38
Calculate the highest common factor of 324 and 243.
81
Calculate the greatest common factor of 196 and 112.
28
Calculate the greatest common factor of 13 and 780.
13
Calculate the greatest common factor of 27 and 27.
27
What is the highest common divisor of 264 and 48?
24
What is the greatest common divisor of 1554 and 462?
42
What is the highest common divisor of 243 and 297?
27
Calculate the greatest common divisor of 2201 and 497.
71
What is the highest common factor of 6 and 38?
2
What is the greatest common factor of 32 and 352?
32
Calculate the greatest common factor of 3136 and 112.
112
Calculate the highest common factor of 511 and 365.
73
Calculate the highest common factor of 158 and 869.
79
What is the highest common factor of 13 and 5473?
13
Calculate the greatest common factor of 7 and 581.
7
Calculate the highest common factor of 180 and 2268.
36
Calculate the greatest common factor of 15 and 2655.
15
Calculate the greatest common factor of 1460 and 180.
20
Calculate the highest common divisor of 11 and 88.
11
Calculate the greatest common factor of 1121 and 19.
19
What is the greatest common divisor of 1064 and 665?
133
Calculate the greatest common factor of 4960 and 80.
80
Calculate the greatest common divisor of 198 and 180.
18
Calculate the greatest common divisor of 62 and 744.
62
Calculate the highest common divisor of 416 and 13.
13
Calculate the greatest common divisor of 250 and 100.
50
Calculate the highest common divisor of 156 and 36.
12
What is the greatest common factor of 16 and 108?
4
Calculate the greatest common divisor of 612 and 54.
18
Calculate the highest common divisor of 6790 and 70.
70
Calculate the highest common factor of 132 and 99.
33
Calculate the highest common factor of 2200 and 3800.
200
What is the highest common factor of 3 and 39?
3
What is the greatest common divisor of 1925 and 125?
25
Calculate the highest common divisor of 557 and 2.
1
What is the highest common factor of 490 and 10?
10
Calculate the highest common factor of 1002 and 12525.
501
Calculate the greatest common factor of 60 and 57.
3
What is the highest common divisor of 27480 and 240?
120
What is the greatest common divisor of 91 and 13?
13
Calculate the greatest common divisor of 90 and 810.
90
What is the highest common divisor of 31 and 31?
31
What is the highest common divisor of 3439 and 19?
19
Calculate the greatest common factor of 70 and 882.
14
What is the greatest common divisor of 4452 and 168?
84
Calculate the greatest common divisor of 135 and 27.
27
What is the highest common divisor of 21 and 25074?
21
What is the greatest common divisor of 512 and 368?
16
What is the greatest common divisor of 3656 and 24?
8
What is the greatest common divisor of 891 and 1089?
99
What is the highest common factor of 172 and 473?
43
Calculate the greatest common factor of 27586 and 13.
13
What is the greatest common divisor of 1984 and 320?
64
Calculate the highest common factor of 111 and 6.
3
What is the highest common factor of 9175 and 25?
25
What is the greatest common factor of 76 and 19?
19
Calculate the greatest common divisor of 33 and 50226.
33
What is the greatest common factor of 12 and 402?
6
Calculate the greatest common factor of 488 and 80.
8
Calculate the highest common divisor of 200 and 96.
8
Calculate the highest common divisor of 4014 and 18.
18
Calculate the highest common factor of 72 and 342.
18
What is the greatest common divisor of 400 and 80?
80
What is the highest common divisor of 1143 and 783?
9
What is the highest common divisor of 183 and 61?
61
Calculate the highest common divisor of 34 and 748.
34
What is the highest common factor of 2 and 16?
2
Calculate the greatest common divisor of 162 and 4.
2
What is the greatest common factor of 3783 and 156?
39
What is the highest common factor of 26 and 702?
26
What is the greatest common divisor of 124 and 5084?
124
What is the greatest common divisor of 20 and 35780?
20
What is the greatest common factor of 10 and 90?
10
What is the greatest common divisor of 351 and 65?
13
What is the highest common divisor of 826 and 28?
14
What is the greatest common factor of 492 and 18?
6
What is the highest common divisor of 15 and 1077?
3
Calculate the greatest common divisor of 40 and 15.
5
Calculate the greatest common divisor of 36 and 396.
36
Calculate the highest common factor of 100 and 3925.
25
Calculate the greatest common divisor of 736 and 16.
16
Calculate the highest common factor of 3842 and 2034.
226
What is the highest common factor of 24 and 582?
6
Calculate the highest common divisor of 7169 and 603.
67
What is the highest common divisor of 4 and 932?
4
Calculate the greatest common factor of 45 and 36.
9
Calculate the highest common factor of 24 and 42.
6
What is the highest common divisor of 560 and 168?
56
What is the highest common factor of 1144 and 649?
11
What is the highest common divisor of 410 and 38335?
205
What is the greatest common factor of 37 and 259?
37
What is the greatest common divisor of 546 and 26?
26
Calculate the highest common divisor of 144 and 729.
9
Calculate the highest common factor of 657 and 9.
9
What is the greatest common divisor of 767 and 13?
13
Calculate the greatest common factor of 770 and 440.
110
What is the highest common factor of 187 and 119?
17
Calculate the highest common divisor of 4033 and 1417.
109
What is the greatest common factor of 665 and 175?
35
Calculate the greatest common factor of 1216 and 114.
38
Calculate the greatest common factor of 61 and 57767.
61
What is the greatest common factor of 136 and 17?
17
What is the highest common factor of 205 and 5?
5
Calculate the greatest common factor of 2 and 2.
2
Calculate the greatest common factor of 16 and 7.
1
What is the greatest common factor of 256 and 4096?
256
Calculate the highest common factor of 1770 and 135.
15
Calculate the highest common factor of 29362 and 212.
106
Calculate the highest common factor of 140 and 490.
70
Calculate the highest common factor of 132 and 76.
4
Calculate the greatest common factor of 534 and 15.
3
Calculate the greatest common factor of 102 and 153.
51
Calculate the greatest common factor of 440 and 320.
40
What is the greatest common divisor of 35 and 280?
35
Calculate the highest common divisor of 20 and 1660.
20
Calculate the highest common factor of 15 and 7745.
5
Calculate the highest common factor of 30 and 190.
10
Calculate the highest common factor of 196 and 28.
28
What is the greatest common divisor of 22912 and 179?
179
What is the greatest common factor of 112 and 128?
16
What is the highest common divisor of 945 and 6405?
105
Calculate the greatest common divisor of 126 and 14.
14
What is the highest common divisor of 80 and 60?
20
Calculate the highest common factor of 24 and 540.
12
Calculate the highest common divisor of 56 and 896.
56
What is the highest common factor of 429 and 117?
39
Calculate the greatest common divisor of 36 and 3852.
36
Calculate the greatest common factor of 387 and 1505.
43
Calculate the highest common divisor of 513 and 399.
57
Calculate the greatest common divisor of 3827 and 215.
43
What is the highest common divisor of 513 and 108?
27
Calculate the greatest common factor of 944 and 80.
16
Calculate the greatest common factor of 5 and 28705.
5
Calculate the greatest common factor of 51 and 459.
51
Calculate the greatest common factor of 72 and 882.
18
What is the highest common factor of 129 and 81786?
129
Calculate the greatest common factor of 75 and 11.
1
What is the highest common divisor of 44 and 572?
44
Calculate the highest common divisor of 160 and 100.
20
Calculate the highest common factor of 21 and 483.
21
What is the greatest common divisor of 187 and 506?
11
What is the greatest common factor of 17 and 51?
17
What is the highest common factor of 2262 and 234?
78
Calculate the greatest common factor of 22 an